{"id":17,"date":"2019-07-02T21:10:37","date_gmt":"2019-07-02T21:10:37","guid":{"rendered":"https:\/\/art2b.info\/?page_id=17"},"modified":"2025-09-01T16:06:54","modified_gmt":"2025-09-01T16:06:54","slug":"impressum","status":"publish","type":"page","link":"https:\/\/art2b.info\/index.php\/impressum\/","title":{"rendered":"Impressum"},"content":{"rendered":"<p>Gesch\u00e4ftsf\u00fchrerin<\/p>\n<p>Kristin Noichl-Scheyer Dipl.-Ing. (FH) Architektin BAYAK\u2013 190.270, baugewerblich t\u00e4tig<\/p>\n<p>&nbsp;<\/p>\n<p>Umsatzsteuer-Identifikationsnummer (USt-IdNr.) DE407489061<\/p>\n<p>Zust\u00e4ndige Kammer: Bayerische Architektenkammer, Weisenhausstra\u00dfe 4, 80637 M\u00fcnchen<\/p>\n<p>Berufsrechtliche Regelungen:<\/p>\n<p>Baukammergesetz Bayern<\/p>\n<p>Durchf\u00fchrungsverordnung zum BauKaG<\/p>\n<p>Satzung der Bayerischen Architektenkammer<\/p>\n<p>Haftungsauschluss<\/p>\n<p>Inhalt des Onlineangebotes<\/p>\n<p>Der Autor \u00fcbernimmt keinerlei Gew\u00e4hr f\u00fcr die Aktualit\u00e4t, Korrektheit, Vollst\u00e4ndigkeit oder Qualit\u00e4t der bereitgestellten Informationen. Haftungsanspr\u00fcche gegen den Autor, welche sich auf Sch\u00e4den materieller oder ideeller Art beziehen, die durch die Nutzung oder Nichtnutzung der dargebotenen Informationen bzw. durch die Nutzung fehlerhafter und unvollst\u00e4ndiger Informationen verursacht wurden, sind grunds\u00e4tzlich ausgeschlossen, sofern seitens des Autors kein nachweislich vors\u00e4tzliches oder grob fahrl\u00e4ssiges Verschulden vorliegt. Alle Angebote sind freibleibend und unverbindlich. Der Autor beh\u00e4lt es sich ausdr\u00fccklich vor, Teile der Seiten oder das gesamte Angebot ohne gesonderte Ank\u00fcndigung zu ver\u00e4ndern, zu erg\u00e4nzen, zu l\u00f6schen oder die Ver\u00f6ffentlichung zeitweise oder endg\u00fcltig einzustellen.<\/p>\n<p>Verweise und Links<span class=\"Apple-converted-space\">\u00a0<\/span><\/p>\n<p>Der Autor ist als Inhaltsanbieter nach \u00a7 6 Abs.1 Mediendienste-Staatsvertrag f\u00fcr die &#8222;eigenen Inhalte&#8220;, die er zur Nutzung bereith\u00e4lt, nach den allgemeinen Gesetzen verantwortlich. Von diesen eigenen Inhalten sind Querverweise (&#8222;Links&#8220;) auf die von anderen Anbietern bereitgehaltenen Inhalte zu unterscheiden. Durch den Querverweis h\u00e4lt der Autor insofern &#8222;fremde Inhalte&#8220; zur Nutzung bereit, die in dieser Weise gekennzeichnet sind. Bei &#8222;Links&#8220; handelt es sich stets um &#8222;lebende&#8220; (dynamische) Verweisungen. Der Autor hat bei der erstmaligen Verkn\u00fcpfung zwar den fremden Inhalt daraufhin \u00fcberpr\u00fcft, ob durch ihn eine m\u00f6gliche zivilrechtliche oder strafrechtliche Verantwortlichkeit ausgel\u00f6st wird. Er \u00fcberpr\u00fcft aber die Inhalte, auf die er in seinem Angebot verweist, nicht st\u00e4ndig auf Ver\u00e4nderungen, die eine Verantwortlichkeit neu begr\u00fcnden k\u00f6nnten.<\/p>\n<p>Wenn er feststellt oder von anderen darauf hingewiesen wird, da\u00df ein konkretes Angebot, zu dem er einen Link bereitgestellt hat, eine zivil- oder strafrechtliche Verantwortlichkeit ausl\u00f6st, wird er den Verweis auf dieses Angebot aufheben.<\/p>\n<p>Urheber- und Kennzeichenrecht<\/p>\n<p>Der Autor ist bestrebt, in allen Publikationen die Urheberrechte der verwendeten Bilder, Grafiken, Tondokumente, Videosequenzen und Texte zu beachten, von ihm selbst erstellte Bilder, Grafiken, Tondokumente, Videosequenzen und Texte zu nutzen oder auf lizenzfreie Grafiken, Tondokumente, Videosequenzen und Texte zur\u00fcckzugreifen. Alle innerhalb des Internetangebotes genannten und ggf. durch Dritte gesch\u00fctzten Marken- und Warenzeichen unterliegen uneingeschr\u00e4nkt den Bestimmungen des jeweils g\u00fcltigen Kennzeichenrechts und den Besitzrechten der jeweiligen eingetragenen Eigent\u00fcmer. Allein aufgrund der blo\u00dfen Nennung ist nicht der Schluss zu ziehen, dass Markenzeichen nicht durch Rechte Dritter gesch\u00fctzt sind! Das Copyright f\u00fcr ver\u00f6ffentlichte, vom Autor selbst erstellte Objekte bleibt allein beim Autor der Seiten. Eine Vervielf\u00e4ltigung oder Verwendung solcher Grafiken, Tondokumente, Videosequenzen und Texte in anderen elektronischen oder gedruckten Publikationen ist ohne ausdr\u00fcckliche Zustimmung des Autors nicht gestattet.<\/p>\n<p>Website Konzept und Design:<\/p>\n<p>kristin noichl-scheyer : architektin eG, baugewerblich t\u00e4tig<\/p>\n<h3><strong>Standort Oberbayern<\/strong><\/h3>\n<p>kristin noichl-scheyer : Art2B Architekturb\u00fcro<br \/>\nM\u00fcnchener Str.101<br \/>\nGeb\u00e4ude 01<br \/>\n85737 Ismaning<\/p>\n<p><a href=\"tel:+49%20152%20\/%2004%2073%2022%2095\">T +49 (0) 89 \/ 99 73 35 90<\/a><br \/>\nF +49 (0) 89 \/ 99 73 35 91<\/p>\n<p>info @ art2b.info<\/p>\n<h3><strong>Standort Metropolregion Frankfurt\/Rhein-Main<\/strong><\/h3>\n<p>kristin noichl-scheyer : Art2B Architekturb\u00fcro<br \/>\nGoldbacher Str. 31<br \/>\n63739 Aschaffenburg<\/p>\n<p>T +49 (0) 6021 \/ 8 66 69 68<\/p>\n","protected":false},"excerpt":{"rendered":"<p>Gesch\u00e4ftsf\u00fchrerin Kristin Noichl-Scheyer Dipl.-Ing. (FH) Architektin BAYAK\u2013 190.270, baugewerblich t\u00e4tig &nbsp; Umsatzsteuer-Identifikationsnummer (USt-IdNr.) DE407489061 Zust\u00e4ndige Kammer: Bayerische Architektenkammer, Weisenhausstra\u00dfe 4, 80637 M\u00fcnchen Berufsrechtliche Regelungen: Baukammergesetz Bayern Durchf\u00fchrungsverordnung zum BauKaG Satzung der Bayerischen Architektenkammer Haftungsauschluss Inhalt des Onlineangebotes Der Autor \u00fcbernimmt keinerlei Gew\u00e4hr f\u00fcr die Aktualit\u00e4t, Korrektheit, Vollst\u00e4ndigkeit oder Qualit\u00e4t der bereitgestellten Informationen. Haftungsanspr\u00fcche gegen den &hellip; <\/p>\n<p class=\"link-more\"><a href=\"https:\/\/art2b.info\/index.php\/impressum\/\" class=\"more-link\"><span class=\"screen-reader-text\">\u201eImpressum\u201c <\/span>weiterlesen<\/a><\/p>\n","protected":false},"author":1,"featured_media":0,"parent":0,"menu_order":0,"comment_status":"closed","ping_status":"closed","template":"","meta":{"pgc_sgb_lightbox_settings":"","footnotes":""},"class_list":["post-17","page","type-page","status-publish","hentry"],"_links":{"self":[{"href":"https:\/\/art2b.info\/index.php\/wp-json\/wp\/v2\/pages\/17","targetHints":{"allow":["GET"]}}],"collection":[{"href":"https:\/\/art2b.info\/index.php\/wp-json\/wp\/v2\/pages"}],"about":[{"href":"https:\/\/art2b.info\/index.php\/wp-json\/wp\/v2\/types\/page"}],"author":[{"embeddable":true,"href":"https:\/\/art2b.info\/index.php\/wp-json\/wp\/v2\/users\/1"}],"replies":[{"embeddable":true,"href":"https:\/\/art2b.info\/index.php\/wp-json\/wp\/v2\/comments?post=17"}],"version-history":[{"count":11,"href":"https:\/\/art2b.info\/index.php\/wp-json\/wp\/v2\/pages\/17\/revisions"}],"predecessor-version":[{"id":4485,"href":"https:\/\/art2b.info\/index.php\/wp-json\/wp\/v2\/pages\/17\/revisions\/4485"}],"wp:attachment":[{"href":"https:\/\/art2b.info\/index.php\/wp-json\/wp\/v2\/media?parent=17"}],"curies":[{"name":"wp","href":"https:\/\/api.w.org\/{rel}","templated":true}]}}