{"id":4586,"date":"2025-09-23T13:20:32","date_gmt":"2025-09-23T13:20:32","guid":{"rendered":"https:\/\/art2b.info\/?page_id=4586"},"modified":"2025-09-23T14:27:42","modified_gmt":"2025-09-23T14:27:42","slug":"blower-door-oder-gebaeude-dichtheitspruefung-fuer-hauseigentuemer-architekten-und-bauingenieure","status":"publish","type":"page","link":"https:\/\/art2b.info\/index.php\/leistungen\/blower-door-oder-gebaeude-dichtheitspruefung-fuer-hauseigentuemer-architekten-und-bauingenieure\/","title":{"rendered":"Blower Door oder Geb\u00e4ude Dichtheitspr\u00fcfung f\u00fcr Hauseigent\u00fcmer, Architekten und Bauingenieure"},"content":{"rendered":"<p><strong><a href=\"https:\/\/art2b.info\/index.php\/2024\/09\/03\/blower-door-oder-gebaeude-dichtheitspruefung-fuer-hauseigentuemer-architekten-und-bauingenieure\/2024-09-03_blower-door_art2b_woehler-2\/\" rel=\"attachment wp-att-3527\"><img loading=\"lazy\" decoding=\"async\" class=\"alignnone wp-image-3527\" src=\"https:\/\/art2b.info\/wp-content\/uploads\/2024\/09\/2024-09-03_Blower-Door_Art2B_Woehler-1-225x300.jpg\" alt=\"\" width=\"500\" height=\"666\" srcset=\"https:\/\/art2b.info\/wp-content\/uploads\/2024\/09\/2024-09-03_Blower-Door_Art2B_Woehler-1-225x300.jpg 225w, https:\/\/art2b.info\/wp-content\/uploads\/2024\/09\/2024-09-03_Blower-Door_Art2B_Woehler-1-87x116.jpg 87w, https:\/\/art2b.info\/wp-content\/uploads\/2024\/09\/2024-09-03_Blower-Door_Art2B_Woehler-1.jpg 480w\" sizes=\"auto, (max-width: 500px) 100vw, 500px\" \/><\/a><\/strong><\/p>\n<p>copyright : Art2B Architekturb\u00fcro -2024<\/p>\n<p><strong>Blower Door<\/strong><\/p>\n<p><strong>\u00a0<\/strong><strong>Was ist das und warum? <\/strong><\/p>\n<p>Heutzutage ist die Luftdichtheit von neuen Geb\u00e4uden sehr wichtig, um\u00a0 Energie zu sparen.<br \/>\nUndichte Fenster und D\u00e4cher k\u00f6nnen zu Schimmel, Zugluft und hohen Energieverlusten f\u00fchren.<\/p>\n<p>Ein Blower-Door-Test pr\u00fcft, ob ein neues oder altes Geb\u00e4ude luftdicht ist oder ob warme Luft durch undichte Stellen entweichen kann.<br \/>\nEin Blower-Door-Test pr\u00fcft, ob ein Geb\u00e4ude luftdicht ist.<\/p>\n<p>Dazu wird eine spezielle T\u00fcr mit einem Ventilator in eine \u00d6ffnung des Geb\u00e4udes eingebaut.\u00a0 Der Ventilator erzeugt einen Unterdruck im Geb\u00e4ude, wodurch Luft durch undichte Stellen str\u00f6mt.\u00a0Diese undichten Stellen k\u00f6nnen dann gefunden und repariert werden.<\/p>\n<p>Der Test hilft, die Energieeffizienz eines Geb\u00e4udes zu verbessern.<\/p>\n<p>Er sorgt daf\u00fcr, dass keine warme Luft entweicht und keine kalte Luft eindringt. Das f\u00fchrt zu einer besseren Wohnqualit\u00e4t und niedrigeren Energiekosten.<\/p>\n<p><strong>Warum ist das wichtiger denn je? <\/strong><\/p>\n<p>Durch strengere Vorschriften zur Energieeinsparung gibt es mehr Sch\u00e4den und Schadensersatzanspr\u00fcche im Bereich des energieeffizienten Bauens und Sanierens.<\/p>\n<p>Forderungen in H\u00f6he von mehreren tausend Euro sind dabei keine Seltenheit.<\/p>\n<p>Der Test stellt sicher, dass das Geb\u00e4ude richtig gebaut ist und Schwachstellen rechtzeitig behoben werden k\u00f6nnen.<\/p>\n<p><strong><em>Um Schadensersatzforderungen zu vermeiden, sollten sich insbesondere Architekten und Bauingenieure mit einem Blower-Door-Test absichern.<\/em><\/strong><\/p>\n<p>Wir bieten Ihnen diese Dienstleistung aus einer Hand an.<\/p>\n<p>Ihr Art2B Architekturb\u00fcro aus Ismaning, f\u00fcr M\u00fcnchen und Bayern<\/p>\n<p>&nbsp;<\/p>\n","protected":false},"excerpt":{"rendered":"<p>copyright : Art2B Architekturb\u00fcro -2024 Blower Door \u00a0Was ist das und warum? Heutzutage ist die Luftdichtheit von neuen Geb\u00e4uden sehr wichtig, um\u00a0 Energie zu sparen. Undichte Fenster und D\u00e4cher k\u00f6nnen zu Schimmel, Zugluft und hohen Energieverlusten f\u00fchren. Ein Blower-Door-Test pr\u00fcft, ob ein neues oder altes Geb\u00e4ude luftdicht ist oder ob warme Luft durch undichte Stellen &hellip; <\/p>\n<p class=\"link-more\"><a href=\"https:\/\/art2b.info\/index.php\/leistungen\/blower-door-oder-gebaeude-dichtheitspruefung-fuer-hauseigentuemer-architekten-und-bauingenieure\/\" class=\"more-link\"><span class=\"screen-reader-text\">\u201eBlower Door oder Geb\u00e4ude Dichtheitspr\u00fcfung f\u00fcr Hauseigent\u00fcmer, Architekten und Bauingenieure\u201c <\/span>weiterlesen<\/a><\/p>\n","protected":false},"author":1,"featured_media":0,"parent":4607,"menu_order":0,"comment_status":"closed","ping_status":"closed","template":"","meta":{"pgc_sgb_lightbox_settings":"","footnotes":""},"class_list":["post-4586","page","type-page","status-publish","hentry"],"_links":{"self":[{"href":"https:\/\/art2b.info\/index.php\/wp-json\/wp\/v2\/pages\/4586","targetHints":{"allow":["GET"]}}],"collection":[{"href":"https:\/\/art2b.info\/index.php\/wp-json\/wp\/v2\/pages"}],"about":[{"href":"https:\/\/art2b.info\/index.php\/wp-json\/wp\/v2\/types\/page"}],"author":[{"embeddable":true,"href":"https:\/\/art2b.info\/index.php\/wp-json\/wp\/v2\/users\/1"}],"replies":[{"embeddable":true,"href":"https:\/\/art2b.info\/index.php\/wp-json\/wp\/v2\/comments?post=4586"}],"version-history":[{"count":1,"href":"https:\/\/art2b.info\/index.php\/wp-json\/wp\/v2\/pages\/4586\/revisions"}],"predecessor-version":[{"id":4587,"href":"https:\/\/art2b.info\/index.php\/wp-json\/wp\/v2\/pages\/4586\/revisions\/4587"}],"up":[{"embeddable":true,"href":"https:\/\/art2b.info\/index.php\/wp-json\/wp\/v2\/pages\/4607"}],"wp:attachment":[{"href":"https:\/\/art2b.info\/index.php\/wp-json\/wp\/v2\/media?parent=4586"}],"curies":[{"name":"wp","href":"https:\/\/api.w.org\/{rel}","templated":true}]}}