{"id":4588,"date":"2025-09-23T13:21:47","date_gmt":"2025-09-23T13:21:47","guid":{"rendered":"https:\/\/art2b.info\/?page_id=4588"},"modified":"2025-09-23T14:13:58","modified_gmt":"2025-09-23T14:13:58","slug":"architektur-energieberatung-energieausweis","status":"publish","type":"page","link":"https:\/\/art2b.info\/index.php\/leistungen\/architektur-energieberatung-energieausweis\/","title":{"rendered":"Architektur Energieberatung Energieausweis"},"content":{"rendered":"<h4><strong>Energieeffizienz-Planer-in: Wohngeb\u00e4ude<br \/>\n<\/strong><span style=\"color: #008000;\">als Zusatzqualifikation Energieberaterin<br \/>\n(V<\/span><span style=\"color: #008000;\">or-Ort-Beratung) durch das Bundesamt f\u00fcr Ausfuhr- und Wirtschaftskontrolle (BAFA) sowie zur Antragsberechtigung bei bestimmten F\u00f6rderprogrammen der Kreditanstalt f\u00fcr Wiederaufbau<br \/>\n(KfW-F\u00f6rderprogramme) Effizienzh\u00e4user bieten wir Ihnen an.<\/span><br \/>\n<a href=\"https:\/\/www.energie-effizienz-experten.de\/\"><span style=\"color: #0000ff;\">www.energie-effizienz-experten.de<\/span><\/a><\/h4>\n<p><strong><u>Wir machen Ihr Haus fit f\u00fcr die Zukunft<br \/>\n<\/u><\/strong>Mit umfassender Weiterbildung machen wir Ihr Haus fit f\u00fcr die Zukunft.<\/p>\n<p><strong><u>Ganzheitliche Projekte<br \/>\n<\/u><\/strong>Wir bieten ihnen eine ganzheitliche Bearbeitung ihres jeweiligen Projekts an. Von der Tektur der Baukonstruktion Ihres Geb\u00e4udes bis hin zur Heizungs- und Geb\u00e4udetechnik.<\/p>\n<p><strong>Was unterscheidet die Energieberatung eines Kamin-\/Schornsteinfegers zur Beratung einer Architektin?<br \/>\n<\/strong>Nur wer sich mit der Materie der verwendeten Materialien und der Baukonstruktion eines Geb\u00e4udes auskennt, kann ganzheitlich fundiert R\u00fcckschl\u00fcsse auf die ben\u00f6tigten Ma\u00dfnahmen zur Steigerung der Energieeffizienz eines Hauses machen.<\/p>\n<p><strong><u>Langj\u00e4hrige Erfahrung<br \/>\n<\/u><\/strong>Aufgrund unserer jahrelangen Kenntnis und Erfahrungen im Architekturalltag im Bereich von Wohn- und Nichtwohngeb\u00e4uden, sei es auf der Planungsseite oder bei der Umsetzung von konkreten Ma\u00dfnahmen.<\/p>\n<p><strong><u>Ma\u00dfgeschneiderte Energiekonzepte<br \/>\n<\/u><\/strong>In Erg\u00e4nzung zu klassischen Architektenleistungen bieten wir privaten, gewerblichen Auftraggebern ma\u00dfgeschneiderte Energieberatungen und Energiekonzepte, F\u00f6rdermittelberatungen an.<\/p>\n<p><strong><u>St\u00e4ndige Weiterbildung als Qualit\u00e4tssiegel<br \/>\n<\/u><\/strong>Wir bieten Ihnen als Energieberater Wohngeb\u00e4ude (Bayerische Architektenkammer) als Zusatzqualifikation Energieberater vor Ort Beratung durch das Bundesamt f\u00fcr Ausfuhr- und Wirtschaftskontrolle (BAFA)sowie zur Antragsberechtigung bei bestimmten F\u00f6rderprogrammen der Kreditanstalt f\u00fcr Wiederaufbau (KfW-F\u00f6rderprogramme) Effizienzh\u00e4user an.<\/p>\n<p>Wir freuen uns auf Sie. Schreiben Sie uns eine E-Mail <a href=\"mailto:info@art2b.info\">info@art2b.info <\/a>oder hinterlassen Sie uns eine Nachricht \u00fcber unser Kontaktformular.<\/p>\n<p>Wir melden uns gerne bei Ihnen zur\u00fcck.<\/p>\n<p>Ihr Art2B Architekturb\u00fcro aus Ismaning, f\u00fcr M\u00fcnchen und Bayern<br \/>\nIhre Diplom-Ingenieurin (FH) Architektin Kristin Noichl-Scheyer<br \/>\nMitglied in der Bayerische Architektenkammer 190.270<br \/>\nEnergieeffizienz Expertin<\/p>\n","protected":false},"excerpt":{"rendered":"<p>Energieeffizienz-Planer-in: Wohngeb\u00e4ude als Zusatzqualifikation Energieberaterin (Vor-Ort-Beratung) durch das Bundesamt f\u00fcr Ausfuhr- und Wirtschaftskontrolle (BAFA) sowie zur Antragsberechtigung bei bestimmten F\u00f6rderprogrammen der Kreditanstalt f\u00fcr Wiederaufbau (KfW-F\u00f6rderprogramme) Effizienzh\u00e4user bieten wir Ihnen an. www.energie-effizienz-experten.de Wir machen Ihr Haus fit f\u00fcr die Zukunft Mit umfassender Weiterbildung machen wir Ihr Haus fit f\u00fcr die Zukunft. Ganzheitliche Projekte Wir bieten ihnen &hellip; <\/p>\n<p class=\"link-more\"><a href=\"https:\/\/art2b.info\/index.php\/leistungen\/architektur-energieberatung-energieausweis\/\" class=\"more-link\"><span class=\"screen-reader-text\">\u201eArchitektur Energieberatung Energieausweis\u201c <\/span>weiterlesen<\/a><\/p>\n","protected":false},"author":1,"featured_media":0,"parent":4607,"menu_order":0,"comment_status":"closed","ping_status":"closed","template":"","meta":{"pgc_sgb_lightbox_settings":"","footnotes":""},"class_list":["post-4588","page","type-page","status-publish","hentry"],"_links":{"self":[{"href":"https:\/\/art2b.info\/index.php\/wp-json\/wp\/v2\/pages\/4588","targetHints":{"allow":["GET"]}}],"collection":[{"href":"https:\/\/art2b.info\/index.php\/wp-json\/wp\/v2\/pages"}],"about":[{"href":"https:\/\/art2b.info\/index.php\/wp-json\/wp\/v2\/types\/page"}],"author":[{"embeddable":true,"href":"https:\/\/art2b.info\/index.php\/wp-json\/wp\/v2\/users\/1"}],"replies":[{"embeddable":true,"href":"https:\/\/art2b.info\/index.php\/wp-json\/wp\/v2\/comments?post=4588"}],"version-history":[{"count":1,"href":"https:\/\/art2b.info\/index.php\/wp-json\/wp\/v2\/pages\/4588\/revisions"}],"predecessor-version":[{"id":4589,"href":"https:\/\/art2b.info\/index.php\/wp-json\/wp\/v2\/pages\/4588\/revisions\/4589"}],"up":[{"embeddable":true,"href":"https:\/\/art2b.info\/index.php\/wp-json\/wp\/v2\/pages\/4607"}],"wp:attachment":[{"href":"https:\/\/art2b.info\/index.php\/wp-json\/wp\/v2\/media?parent=4588"}],"curies":[{"name":"wp","href":"https:\/\/api.w.org\/{rel}","templated":true}]}}