{"id":57,"date":"2019-07-02T21:43:06","date_gmt":"2019-07-02T21:43:06","guid":{"rendered":"https:\/\/art2b.info\/?page_id=57"},"modified":"2025-09-23T14:28:17","modified_gmt":"2025-09-23T14:28:17","slug":"haltung","status":"publish","type":"page","link":"https:\/\/art2b.info\/index.php\/wir-ueber-uns\/haltung\/","title":{"rendered":"Passion"},"content":{"rendered":"<p>Willkommen auf unserem Webauftritt. Auf diesen Seiten m\u00f6chten wir Sie \u00fcber aktuelle und zur\u00fcck liegende Projekte informieren. Es w\u00fcrde uns sehr freuen, wenn sie sich ein wenig Zeit nehmen sich von unserer Architektur oder von einem bestimmten Projekt inspirieren zu lassen. Sollten wir dann Ihr Interesse geweckt haben, so z\u00f6gern sie nicht einen Termin zu einem unverbindlichen Beratungsgespr\u00e4ch in unseren B\u00fcror\u00e4umlichkeiten zu vereinbaren.\u00a0 Gerne kommen wir nach Vereinbarung auch pers\u00f6nlich zu Ihnen. Jede Bauaufgabe hat ihren eigenen Charme &amp; T\u00fccken und wir betrachten jedes Projekt als eine Herausforderung, um dann gemeinsam mit Ihnen die f\u00fcr sie bestm\u00f6gliche architektonische bauliche L\u00f6sung zu finden. Als klassisch t\u00e4tiges Architekturb\u00fcro und mit Erfahrung in der Projektentwicklung begleiten wir sie \u00fcber alle Leistungsphasen hinweg nach dem Leistungsbild der Honorarordnung f\u00fcr Architekten und Ingenieure HOAI.\u00a0 Dabei z\u00e4hlen neben dem \u201egenius loci\u201c dem Geist des Ortes, Kostensicherheit, Zeitmanagement, Baubiologie, und -\u00d6kologie mit an wichtiger Stelle und geh\u00f6rt zu unserer Firmenphilosophie.<\/p>\n<p>Wir verstehen Architektur als die ART des Seins. Wir wollen Lebens(t)r\u00e4ume erschaffen.<br \/>\nWir planen u.a. Wohn-\/ Gewerbe- \/ Handelsarchitektur (Alt-Neubau)<br \/>\nUnser Kundenstamm besteht aus privaten und gewerblichen Auftraggebern, Investoren und Architekturb\u00fcros.<\/p>\n<p>Sollten wir Ihr Interesse geweckt haben, so z\u00f6gern sie nicht ein Termin zu einem Beratungsgespr\u00e4ch zu vereinbaren.<br \/>\nGerne kommen wir nach Vereinbarung auch zu Ihnen.<\/p>\n<p>Jede Bauaufgabe hat ihren eigenen Charme &amp; Charakter und wir betrachten jedes Projekt als eine Herausforderung,<br \/>\num gemeinsam mit Ihnen die f\u00fcr sie passende architektonische bauliche L\u00f6sung zu finden.<\/p>\n<p>kristin noichl-scheyer : Art2B Architekturb\u00fcro<br \/>\nM\u00fcnchener Str. 101<br \/>\nGeb\u00e4ude 01<br \/>\nD &#8211; 85737 Ismaning<\/p>\n<p>T +49 (0) 89 \/ 99 73 35 90<br \/>\nF +49 (0) 89 \/ 99 73 35 91<br \/>\ninfo @ art2b.info<\/p>\n","protected":false},"excerpt":{"rendered":"<p>Willkommen auf unserem Webauftritt. Auf diesen Seiten m\u00f6chten wir Sie \u00fcber aktuelle und zur\u00fcck liegende Projekte informieren. Es w\u00fcrde uns sehr freuen, wenn sie sich ein wenig Zeit nehmen sich von unserer Architektur oder von einem bestimmten Projekt inspirieren zu lassen. Sollten wir dann Ihr Interesse geweckt haben, so z\u00f6gern sie nicht einen Termin zu &hellip; <\/p>\n<p class=\"link-more\"><a href=\"https:\/\/art2b.info\/index.php\/wir-ueber-uns\/haltung\/\" class=\"more-link\"><span class=\"screen-reader-text\">\u201ePassion\u201c <\/span>weiterlesen<\/a><\/p>\n","protected":false},"author":1,"featured_media":0,"parent":69,"menu_order":0,"comment_status":"closed","ping_status":"closed","template":"","meta":{"pgc_sgb_lightbox_settings":"","footnotes":""},"class_list":["post-57","page","type-page","status-publish","hentry"],"_links":{"self":[{"href":"https:\/\/art2b.info\/index.php\/wp-json\/wp\/v2\/pages\/57","targetHints":{"allow":["GET"]}}],"collection":[{"href":"https:\/\/art2b.info\/index.php\/wp-json\/wp\/v2\/pages"}],"about":[{"href":"https:\/\/art2b.info\/index.php\/wp-json\/wp\/v2\/types\/page"}],"author":[{"embeddable":true,"href":"https:\/\/art2b.info\/index.php\/wp-json\/wp\/v2\/users\/1"}],"replies":[{"embeddable":true,"href":"https:\/\/art2b.info\/index.php\/wp-json\/wp\/v2\/comments?post=57"}],"version-history":[{"count":9,"href":"https:\/\/art2b.info\/index.php\/wp-json\/wp\/v2\/pages\/57\/revisions"}],"predecessor-version":[{"id":4494,"href":"https:\/\/art2b.info\/index.php\/wp-json\/wp\/v2\/pages\/57\/revisions\/4494"}],"up":[{"embeddable":true,"href":"https:\/\/art2b.info\/index.php\/wp-json\/wp\/v2\/pages\/69"}],"wp:attachment":[{"href":"https:\/\/art2b.info\/index.php\/wp-json\/wp\/v2\/media?parent=57"}],"curies":[{"name":"wp","href":"https:\/\/api.w.org\/{rel}","templated":true}]}}