{"id":69,"date":"2019-07-02T21:57:12","date_gmt":"2019-07-02T21:57:12","guid":{"rendered":"https:\/\/art2b.info\/?page_id=69"},"modified":"2025-09-01T16:32:15","modified_gmt":"2025-09-01T16:32:15","slug":"wir-ueber-uns","status":"publish","type":"page","link":"https:\/\/art2b.info\/index.php\/wir-ueber-uns\/","title":{"rendered":"Wir \u00fcber uns"},"content":{"rendered":"<p><img loading=\"lazy\" decoding=\"async\" class=\"alignnone size-medium wp-image-484\" src=\"https:\/\/art2b.info\/wp-content\/uploads\/2020\/12\/cropped-Art2B_EMail-Signatur-300x95.jpg\" alt=\"\" width=\"300\" height=\"95\" srcset=\"https:\/\/art2b.info\/wp-content\/uploads\/2020\/12\/cropped-Art2B_EMail-Signatur-300x95.jpg 300w, https:\/\/art2b.info\/wp-content\/uploads\/2020\/12\/cropped-Art2B_EMail-Signatur-768x242.jpg 768w, https:\/\/art2b.info\/wp-content\/uploads\/2020\/12\/cropped-Art2B_EMail-Signatur-228x72.jpg 228w, https:\/\/art2b.info\/wp-content\/uploads\/2020\/12\/cropped-Art2B_EMail-Signatur.jpg 792w\" sizes=\"auto, (max-width: 300px) 100vw, 300px\" \/><\/p>\n<h1><strong>Standort Oberbayern<\/strong><\/h1>\n<p><strong>kristin noichl-scheyer : Art2B Architekturb\u00fcro<br \/>\n<\/strong>M\u00fcnchener Str. 101<br \/>\nGeb\u00e4ude 01<br \/>\n85737 Ismaning<\/p>\n<p>T +49 (0) 89 \/ 99 73 35 &#8211; 90<br \/>\nF +49 (0) 89 \/ 99 73 35 &#8211; 91<br \/>\ninfo @ art2b.info<\/p>\n<h1><strong>Standort Metropolregion Frankfurt\/Rhein-Main<\/strong><\/h1>\n<p><strong>kristin noichl-scheyer : Art2B Architekturb\u00fcro<br \/>\n<\/strong>Goldbacher Str. 31<br \/>\n63739 Aschaffenburg<\/p>\n<p>T +49 (0) 6021 \/ 8 66 69 68<br \/>\ninfo @ art2b.info<\/p>\n<p><strong>\u00d6ffnungszeiten<br \/>\n<\/strong>Montag &#8211; Freitag\u00a0 \u00a0 10:00\u00a0 &#8211;\u00a0 18:00<\/p>\n<p>Individuelle Termine nach vorheriger Vereinbarung<\/p>\n<p>&nbsp;<\/p>\n","protected":false},"excerpt":{"rendered":"<p>Standort Oberbayern kristin noichl-scheyer : Art2B Architekturb\u00fcro M\u00fcnchener Str. 101 Geb\u00e4ude 01 85737 Ismaning T +49 (0) 89 \/ 99 73 35 &#8211; 90 F +49 (0) 89 \/ 99 73 35 &#8211; 91 info @ art2b.info Standort Metropolregion Frankfurt\/Rhein-Main kristin noichl-scheyer : Art2B Architekturb\u00fcro Goldbacher Str. 31 63739 Aschaffenburg T +49 (0) 6021 \/ &hellip; <\/p>\n<p class=\"link-more\"><a href=\"https:\/\/art2b.info\/index.php\/wir-ueber-uns\/\" class=\"more-link\"><span class=\"screen-reader-text\">\u201eWir \u00fcber uns\u201c <\/span>weiterlesen<\/a><\/p>\n","protected":false},"author":1,"featured_media":0,"parent":0,"menu_order":0,"comment_status":"closed","ping_status":"closed","template":"","meta":{"pgc_sgb_lightbox_settings":"","footnotes":""},"class_list":["post-69","page","type-page","status-publish","hentry"],"_links":{"self":[{"href":"https:\/\/art2b.info\/index.php\/wp-json\/wp\/v2\/pages\/69","targetHints":{"allow":["GET"]}}],"collection":[{"href":"https:\/\/art2b.info\/index.php\/wp-json\/wp\/v2\/pages"}],"about":[{"href":"https:\/\/art2b.info\/index.php\/wp-json\/wp\/v2\/types\/page"}],"author":[{"embeddable":true,"href":"https:\/\/art2b.info\/index.php\/wp-json\/wp\/v2\/users\/1"}],"replies":[{"embeddable":true,"href":"https:\/\/art2b.info\/index.php\/wp-json\/wp\/v2\/comments?post=69"}],"version-history":[{"count":20,"href":"https:\/\/art2b.info\/index.php\/wp-json\/wp\/v2\/pages\/69\/revisions"}],"predecessor-version":[{"id":514,"href":"https:\/\/art2b.info\/index.php\/wp-json\/wp\/v2\/pages\/69\/revisions\/514"}],"wp:attachment":[{"href":"https:\/\/art2b.info\/index.php\/wp-json\/wp\/v2\/media?parent=69"}],"curies":[{"name":"wp","href":"https:\/\/api.w.org\/{rel}","templated":true}]}}